 - c - 1. What is the units digit of u(j)?
5
Suppose z - 2 = 3. Suppose 3*x + a - z = -2*x, a + 2 = 2*x. What is the units digit of x + (-5)/(-1) + 2?
8
Let t = 3 + -20. Let r = -11 - t. Let w(u) = -u**2 + 10*u + 16. What is the tens digit of w(r)?
4
Suppose 15*x - 4*x = -44. What is the units digit of (2/1)/(x/(-56))?
8
Let k(v) = -v**2 - 9*v - 16. Let s be k(-6). Suppose 344 = 2*q + s*q. What is the tens digit of q?
8
Suppose 0 = 2*b - 2*f - 426, -11*b + 4*f + 1061 = -6*b. What is the tens digit of b?
0
Let q = -307 + 1017. What is the tens digit of q?
1
Let c(u) = 23*u - 1. Let i = 14 + -14. Suppose 2 = -q + 5*y, -11 = -4*q + y - i*y. What is the tens digit of c(q)?
6
Suppose -4*m - 63 = -m. Let h(d) = d**2 + 19*d - 39. What is the units digit of h(m)?
3
Let j(g) = -g**2 - 16*g + 26. Suppose -5*k = 2*f + 58 - 1, 4*k + f = -45. What is the tens digit of j(k)?
8
Let f(z) be the first derivative of z**5/20 - z**4/2 + 5*z**3/6 - 3*z**2 - 7*z - 5. Let a(k) be the first derivative of f(k). What is the units digit of a(6)?
4
Suppose 2*d - 2139 = o, 5*d - 6103 + 748 = o. What is the hundreds digit of d?
0
Let n(m) = -18 - 2*m**3 - 2*m**2 + m**3 + 14*m**2 - 5*m - 3*m**2. What is the tens digit of n(7)?
4
Suppose 8 = -7*u + 36. Suppose -19 + 3 = u*r. What is the units digit of 1*(-19)/(r + 3)?
9
Let b(g) = -356*g - 159. What is the tens digit of b(-3)?
0
Suppose -29*u = -34*u + 1400. What is the tens digit of u?
8
Suppose 6*t = 175 + 7949. What is the thousands digit of t?
1
Suppose -2*z + 3*q = -0 - 15, 2*z = 5*q + 17. Suppose -z*m = -4*m - 4. Suppose -r + m*r = 6. What is the units digit of r?
6
Let k(a) = 87*a**3 + 3*a**2 - 21*a + 41. What is the tens digit of k(2)?
0
Let h(y) = 6*y - 7 - 2 - 5 + 10 + y**2. What is the units digit of h(2)?
2
Let h(t) = -59*t**3 - 3*t**2 + t + 24. What is the tens digit of h(-3)?
8
Suppose 34*d = 39*d - 930. What is the hundreds digit of d?
1
Let g(r) = -r**3 - 7*r + 5*r + 6*r**2 + 4*r - 9. What is the units digit of g(6)?
3
Let s = -1464 - -3410. What is the tens digit of s?
4
Let k(x) = -3*x**3 - 6*x**2 - 6*x + 3. Let l be k(-5). Suppose -c = -4*c + l. Suppose -3*f + c = -40. What is the tens digit of f?
4
Let l(t) = 5*t**2 + 11*t - 9. What is the units digit of l(11)?
7
Suppose 0 = -12*d + 16*d - 4. Let i(x) = 7*x**3 + 3*x**2 - 2*x. What is the units digit of i(d)?
8
Let q be (8/(-6) - 0)*3. Let x(r) = 12*r**2 + r - 14. What is the hundreds digit of x(q)?
1
Suppose -5*u - 5*i = -8818 + 2743, 0 = 3*u + 5*i - 3655. What is the thousands digit of u?
1
Let q be (1 - -1)/(4/10). Suppose -8 = -11*x + 7*x. Suppose q*w = x*w - 12, w - 60 = -2*j. What is the units digit of j?
2
Suppose 3 + 6 = -3*g. Let y(s) = 2*s**3 + 4*s**2 + s + 4. Let x be y(g). Let z = -4 - x. What is the tens digit of z?
1
What is the hundreds digit of (-3)/((-81)/(-423))*-15?
2
Suppose 5*d = -5*o - 15, -2*d - o = -0 + 3. Let y(u) = 7 - 1 - 4*u + d + u**2. What is the units digit of y(3)?
3
Let v = -36 + 38. Suppose -5*t - u = -288, -64 - 53 = -v*t - u. What is the units digit of t?
7
Suppose -l + 6*l = 1400. Let s = l - 140. What is the hundreds digit of s?
1
Let q be -1 - 0/(-3) - -26. Suppose -2*s + q = 3*s. Suppose -5*o + 135 = s*c, 0 = -2*c + 2*o + 17 + 33. What is the units digit of c?
6
Let f = -33 - -40. Let h = f + -5. What is the units digit of h?
2
Let n = -324 + 458. Suppose 3*g + n = -136. What is the tens digit of 39/52 + g/(-8)?
1
Let x(d) = 773*d - 213. What is the thousands digit of x(2)?
1
Let y(q) = -q - 1. Let u(v) = 12*v + 15. Let w(b) = u(b) + 15*y(b). Let z be w(4). Let g = -4 - z. What is the units digit of g?
8
Let r(y) = -3*y**2 + 2*y + 1. Let g be r(-2). Let d be (0 - 5)*39/g. What is the tens digit of (-6)/39 - (-782)/d?
6
Suppose -5*l - 2*t + 9612 = 0, -4*l + 3147 = t - 4545. What is the tens digit of l?
2
Let g = -25 - -14. Let v(o) be the second derivative of -o**3/2 - 5*o**2 + 2*o. What is the tens digit of v(g)?
2
Suppose -26*t + 63596 + 17758 = 0. What is the hundreds digit of t?
1
Suppose 0*m = 5*m + 120. Let z be (-2)/(-12) + (-68)/m. Suppose z*b = 3*q - 31 + 118, -5*q + 53 = b. What is the tens digit of b?
3
Let j be -4*(-2 - (-20)/16). Suppose -j*r = -2*r - 3. Let d = 21 + r. What is the tens digit of d?
2
Suppose 4*x - 5*f - 10 - 46 = 0, -4*f = -4*x + 56. Let h = 16 - x. Suppose h*g - 114 = -5*c, -3*g + 2*g = -3*c - 57. What is the units digit of g?
7
Let w(h) = 4*h**2 + 4*h - 14. What is the units digit of w(3)?
4
Suppose 17*i + 90 = 18*i. Let n be (-9)/9 - (1 - i). Suppose 0 = 11*t - 15*t + n. What is the tens digit of t?
2
Let l(u) = 59*u**2 - 3*u - 34. What is the thousands digit of l(-6)?
2
Let r(l) = l**2 - 6*l - 8. Let q be r(7). Let v be 8 - q - (-2 + 3). What is the tens digit of (-231)/44*v/(-3)?
1
Let k be (1 - 4)/(-3) - (-6)/(-2). What is the units digit of -1 + -2 + (17 - k)?
6
Let y(p) be the second derivative of p**4/2 - p**3/6 - 19*p. What is the tens digit of y(-2)?
2
Let x(n) = n - 6. Let c be x(10). Suppose -m + c*m + 15 = 0. Let f = -3 - m. What is the units digit of f?
2
Suppose -3*o = -10*o + 3444. What is the hundreds digit of o?
4
Let b(y) = y + 4*y**2 + 36 + 5*y - 2*y**2 + 18*y. What is the tens digit of b(-15)?
2
Let j(v) = -v**2 - 3*v - 2. Let r be j(-1). Suppose r*x - 176 = -2*x. Suppose 5*q - x = 47. What is the tens digit of q?
2
Suppose -4*n - 11 = -6*m + m, 3*n = -5*m + 18. Suppose -v - 3*i + 23 = i, m*i = v + 12. Suppose 4*f - v - 10 = -a, 1 = -2*f + a. What is the units digit of f?
2
Let m(z) = z + 6. Let k be m(14). Suppose 2*c = 7*c - k. Suppose 2*t = -5*l + 30, -24 = -0*l - l - c*t. What is the units digit of l?
4
Suppose 8*b - 38 = -14. Suppose b*g - 248 = g. What is the tens digit of g?
2
Let m(r) = 4*r - 12*r + 17 + 6*r**3 - 5*r**3 - 2*r**2 - 3*r**2. What is the units digit of m(7)?
9
Suppose -6*h + 11 + 13 = 0. Suppose -5*r + 4*r + 28 = 5*s, -h*r - 4*s + 48 = 0. What is the units digit of r?
8
Suppose -7*f - 36 = -11*f. Suppose -291 = -f*j + 12*j. What is the units digit of 64/(-48) + j/(-3)?
1
Let c(d) = 31*d + 167. What is the hundreds digit of c(16)?
6
Suppose -3*v - 3*q + 558 = 0, v = -0*v - 4*q + 171. What is the tens digit of v?
9
What is the units digit of (21 + -567)/(-2*3/12)?
2
Suppose 0 = 5*g + 4*l - 28, -14 - 29 = -5*g + l. Suppose 0*j + g = j. Suppose 0 = 3*p - 2*p - j. What is the units digit of p?
8
Let h = 6 + -2. Suppose 2*t - h*t = 8, 0 = -5*n + t + 34. What is the units digit of n?
6
Suppose -18*f + f = -7344. What is the units digit of f?
2
Suppose 32 = 6*m - 2*m. Let w(d) = -2*d**2 - 8*d + 7. Let x(h) = -3*h**2 - 12*h + 10. Let j(s) = m*w(s) - 5*x(s). What is the units digit of j(-3)?
9
Let c(b) = 13*b**2 - b + 27. What is the tens digit of c(-6)?
0
Let d(x) = -8*x**3 + x**2 - 2*x - 5. Let t be d(-2). Suppose 3*m = -l + 71, -m + t = l + m. What is the tens digit of l?
5
Suppose 5366*p - 2484 = 5365*p. What is the units digit of p?
4
Let r(s) = -s**2 + 2*s + 3. Let q be r(2). What is the tens digit of (-1)/(q/525)*6/(-15)?
7
Suppose -2*t + 3*t = 0. Let w(v) = -3*v**2 + 28*v - 43. Let u be w(7). Suppose t = -2*x + u + 48. What is the tens digit of x?
2
Let l(d) = -2*d + 26. Let q be l(12). What is the units digit of (q/(-4))/1 + (-62)/(-4)?
5
Let m = 0 + 3. Suppose 0 = 5*o - 5*h - 35, 0 = m*h + 1 - 13. Let c = -9 + o. What is the units digit of c?
2
Suppose -d = -2*x - 1027, 37*x - 36*x + 5171 = 5*d. What is the tens digit of d?
3
Let a be 1*-1*((4 - 8) + 3). Suppose 25 = 4*h + 9. Suppose 2*m - a = -x + 12, 4*m = -h*x + 52. What is the tens digit of x?
1
Let f = 132 - 129. Suppose -g = -2*g - 2. What is the tens digit of f + g - (0 - 27)?
2
Suppose -o + 0*d + d = -20, 0 = 4*o + 5*d - 89. Let s be 0/(-1)*-1 + 53. Suppose 2*a + o = s. What is the units digit of a?
6
Let t be (18/8)/((-1)/(-4)). Let u = -2 - 2. What is the units digit of t/(u + (-26)/(-6))?
7
Suppose -48 = 3*s + 3*c, 5*s + 77 = -0*c - 2*c. Suppose 0 = 12*i - 7*i - 75. What is the units digit of 6/i - 384/s?
6
Let m be (-274)/(-6) + (-18)/(-54). Let k = 88 + m. What is the units digit of k?
4
Suppose -2*k - s + 23 = -6*k, -3*k = 3*s + 6. What is the hundreds digit of (-686)/k + -1 + 4/(-20)?
1
Suppose t - 5*f = 69, 6*f + 345 = 5*t + 2*f. Let p = t - 44. What is the units digit of p?
